{"id":73,"date":"2025-12-17T09:30:24","date_gmt":"2025-12-17T14:30:24","guid":{"rendered":"https:\/\/www.clarku.edu\/extractives\/?page_id=73"},"modified":"2025-12-17T15:25:54","modified_gmt":"2025-12-17T20:25:54","slug":"news","status":"publish","type":"page","link":"https:\/\/www.clarku.edu\/extractives\/news\/","title":{"rendered":"News"},"content":{"rendered":"<div id=\"cards-search\" ><\/div>\n<div class=\"wp-block-group is-layout-grid wp-block-group-is-layout-grid clarku_cl_cards clarku-post-filter-grid \">\t<div class=\"clarku-card-wrapper\"  >\n\t<a class=\"clarku-block-card is-style-default\" href=\"https:\/\/www.clarku.edu\/news\/2026\/04\/15\/clark-researchers-examine-potential-impacts-of-megaport-on-peruvian-amazon\/\">\n\t\t<div class=\"clarku-block-card-img-container\">\n\t\t\t<img loading=\"lazy\" decoding=\"async\" width=\"300\" height=\"162\" src=\"https:\/\/www.clarku.edu\/extractives\/wp-content\/uploads\/sites\/114\/Port-of-Chancay-Peru-1200x646-1-300x162.jpg\" class=\"clarku-block-card-img clarku-block-card-img-full clarku-block-card-img-threebytwo has-aspect-3x2 wp-post-image\" alt=\"peru sea shore\" srcset=\"https:\/\/www.clarku.edu\/extractives\/wp-content\/uploads\/sites\/114\/Port-of-Chancay-Peru-1200x646-1-300x162.jpg 300w, https:\/\/www.clarku.edu\/extractives\/wp-content\/uploads\/sites\/114\/Port-of-Chancay-Peru-1200x646-1-1024x551.jpg 1024w, https:\/\/www.clarku.edu\/extractives\/wp-content\/uploads\/sites\/114\/Port-of-Chancay-Peru-1200x646-1-768x413.jpg 768w, https:\/\/www.clarku.edu\/extractives\/wp-content\/uploads\/sites\/114\/Port-of-Chancay-Peru-1200x646-1.avif 1200w\" sizes=\"auto, (max-width: 300px) 100vw, 300px\" \/>\t\t<\/div>\n\t\t<div class=\"clarku-block-card-content\">\n\t\t\t\n\t\t\t\t\t\t<h3 class=\"wp-block-heading\">Clark researchers examine potential impacts of \u2018megaport\u2019 on Peruvian Amazon<\/h3>\n\t\t\t\t\t\t\t\n\t\t\t\t\t\t<p>Clark researchers are studying how Peru\u2019s Chancay megaport could drive infrastructure expansion into the Amazon, with potential impacts on deforestation, habitat loss, and extractive activities in the region.<\/p>\n\t\t\t\n\t\t<\/div>\n\t<\/a>\n<\/div>\n<div class=\"clarku-card-wrapper\"  >\n\t<a class=\"clarku-block-card is-style-default\" href=\"https:\/\/www.clarku.edu\/extractives\/chancay-amazon-connection-project-a-multidisciplinary-initiative-on-development-environment-and-society\/\">\n\t\t<div class=\"clarku-block-card-img-container\">\n\t\t\t<img loading=\"lazy\" decoding=\"async\" width=\"300\" height=\"200\" src=\"https:\/\/www.clarku.edu\/extractives\/wp-content\/uploads\/sites\/114\/chancy-report-image-300x200.avif\" class=\"clarku-block-card-img clarku-block-card-img-full clarku-block-card-img-threebytwo has-aspect-3x2 wp-post-image\" alt=\"clear ocean waters on coast\" srcset=\"https:\/\/www.clarku.edu\/extractives\/wp-content\/uploads\/sites\/114\/chancy-report-image-300x200.avif 300w, https:\/\/www.clarku.edu\/extractives\/wp-content\/uploads\/sites\/114\/chancy-report-image-768x512.avif 768w, https:\/\/www.clarku.edu\/extractives\/wp-content\/uploads\/sites\/114\/chancy-report-image.avif 900w\" sizes=\"auto, (max-width: 300px) 100vw, 300px\" \/>\t\t<\/div>\n\t\t<div class=\"clarku-block-card-content\">\n\t\t\t\n\t\t\t\t\t\t<h3 class=\"wp-block-heading\">Chancay\u2013Amazon Connection Project: A Multidisciplinary Initiative on Development, Environment, and Society<\/h3>\n\t\t\t\t\t\t\t\n\t\t\t\t\t\t<p>The Chancay\u2013Amazon Connection Project brings together global researchers to study the environmental, social, and economic impacts of development across the Amazon region.<\/p>\n\t\t\t\n\t\t<\/div>\n\t<\/a>\n<\/div>\n<div class=\"clarku-card-wrapper\"  >\n\t<a class=\"clarku-block-card is-style-default\" href=\"https:\/\/www.clarku.edu\/extractives\/taa-hwo-aji-teego-and-the-end-of-the-navajo-coal-industry\/\">\n\t\t<div class=\"clarku-block-card-img-container\">\n\t\t\t<img loading=\"lazy\" decoding=\"async\" width=\"300\" height=\"200\" src=\"https:\/\/www.clarku.edu\/extractives\/wp-content\/uploads\/sites\/114\/towers-300x200.avif\" class=\"clarku-block-card-img clarku-block-card-img-full clarku-block-card-img-threebytwo has-aspect-3x2 wp-post-image\" alt=\"large cement towers coming down in dynamite explosion\" srcset=\"https:\/\/www.clarku.edu\/extractives\/wp-content\/uploads\/sites\/114\/towers-300x200.avif 300w, https:\/\/www.clarku.edu\/extractives\/wp-content\/uploads\/sites\/114\/towers-768x512.avif 768w, https:\/\/www.clarku.edu\/extractives\/wp-content\/uploads\/sites\/114\/towers.avif 1024w\" sizes=\"auto, (max-width: 300px) 100vw, 300px\" \/>\t\t<\/div>\n\t\t<div class=\"clarku-block-card-content\">\n\t\t\t\n\t\t\t\t\t\t<h3 class=\"wp-block-heading\">T\u2019\u00e1\u00e1 hw\u00f3 aj\u00ed t\u2019\u00e9ego and the end of the Navajo coal industry<\/h3>\n\t\t\t\t\t\t\t\n\t\t\t\t\t\t<p>Explore a presentation on the cultural and social meanings of coal\u2019s decline in the Navajo Nation and its implications for Din\u00e9 communities.<\/p>\n\t\t\t\n\t\t<\/div>\n\t<\/a>\n<\/div>\n<div class=\"clarku-card-wrapper\"  >\n\t<a class=\"clarku-block-card is-style-default\" href=\"https:\/\/www.clarku.edu\/extractives\/empty-promises-down-the-line\/\">\n\t\t<div class=\"clarku-block-card-img-container\">\n\t\t\t<img loading=\"lazy\" decoding=\"async\" width=\"300\" height=\"168\" src=\"https:\/\/www.clarku.edu\/extractives\/wp-content\/uploads\/sites\/114\/OxfamAmerica-535x300-1-300x168.avif\" class=\"clarku-block-card-img clarku-block-card-img-full clarku-block-card-img-threebytwo has-aspect-3x2 wp-post-image\" alt=\"Oxfam woman\" srcset=\"https:\/\/www.clarku.edu\/extractives\/wp-content\/uploads\/sites\/114\/OxfamAmerica-535x300-1-300x168.avif 300w, https:\/\/www.clarku.edu\/extractives\/wp-content\/uploads\/sites\/114\/OxfamAmerica-535x300-1.avif 535w\" sizes=\"auto, (max-width: 300px) 100vw, 300px\" \/>\t\t<\/div>\n\t\t<div class=\"clarku-block-card-content\">\n\t\t\t\n\t\t\t\t\t\t<h3 class=\"wp-block-heading\">\u201cEmpty Promises Down the Line?\u201d<\/h3>\n\t\t\t\t\t\t\t\n\t\t\t\t\t\t<p>Discover the 'Empty Promises Down the Line' event, exploring the challenges and impacts of extractive industries on communities and the environment.<\/p>\n\t\t\t\n\t\t<\/div>\n\t<\/a>\n<\/div>\n<div class=\"clarku-card-wrapper\"  >\n\t<a class=\"clarku-block-card is-style-default\" href=\"https:\/\/www.clarku.edu\/extractives\/whats-new-in-extraction-and-society-2-28-2020\/\">\n\t\t<div class=\"clarku-block-card-img-container\">\n\t\t\t<img loading=\"lazy\" decoding=\"async\" width=\"300\" height=\"168\" src=\"https:\/\/www.clarku.edu\/extractives\/wp-content\/uploads\/sites\/114\/dessert-landscape-535x300-1-300x168.avif\" class=\"clarku-block-card-img clarku-block-card-img-full clarku-block-card-img-threebytwo has-aspect-3x2 wp-post-image\" alt=\"excavation of land\" srcset=\"https:\/\/www.clarku.edu\/extractives\/wp-content\/uploads\/sites\/114\/dessert-landscape-535x300-1-300x168.avif 300w, https:\/\/www.clarku.edu\/extractives\/wp-content\/uploads\/sites\/114\/dessert-landscape-535x300-1.avif 535w\" sizes=\"auto, (max-width: 300px) 100vw, 300px\" \/>\t\t<\/div>\n\t\t<div class=\"clarku-block-card-content\">\n\t\t\t\n\t\t\t\t\t\t<h3 class=\"wp-block-heading\">What\u2019s new in extraction and society \u2013 2\/28\/2020<\/h3>\n\t\t\t\t\t\t\t\n\t\t\t\t\t\t<p>View the highlights of the 'What's New in Extraction and Society' event that was on February 28, 2020, for insights on the latest trends and issues in extractive industries and their societal impact.<\/p>\n\t\t\t\n\t\t<\/div>\n\t<\/a>\n<\/div>\n<div class=\"clarku-card-wrapper\"  >\n\t<a class=\"clarku-block-card is-style-default\" href=\"https:\/\/www.clarku.edu\/extractives\/social-movements-can-achieve-success-in-legislative-outcomes-why-does-real-change-lag\/\">\n\t\t<div class=\"clarku-block-card-img-container\">\n\t\t\t<img loading=\"lazy\" decoding=\"async\" width=\"300\" height=\"200\" src=\"https:\/\/www.clarku.edu\/extractives\/wp-content\/uploads\/sites\/114\/coal-mining-300x200.avif\" class=\"clarku-block-card-img clarku-block-card-img-full clarku-block-card-img-threebytwo has-aspect-3x2 wp-post-image\" alt=\"Coal mining site in Kalimantan, Indonesia.\" srcset=\"https:\/\/www.clarku.edu\/extractives\/wp-content\/uploads\/sites\/114\/coal-mining-300x200.avif 300w, https:\/\/www.clarku.edu\/extractives\/wp-content\/uploads\/sites\/114\/coal-mining-768x512.avif 768w, https:\/\/www.clarku.edu\/extractives\/wp-content\/uploads\/sites\/114\/coal-mining.avif 1000w\" sizes=\"auto, (max-width: 300px) 100vw, 300px\" \/>\t\t<\/div>\n\t\t<div class=\"clarku-block-card-content\">\n\t\t\t\n\t\t\t\t\t\t<h3 class=\"wp-block-heading\">Social movements can achieve success in legislative outcomes, why does real change lag?<\/h3>\n\t\t\t\t\t\t\t\n\t\t\t\t\t\t<p>Read about how social movements can succeed in legislative outcomes and explore why deeper, lasting change often lags behind initial legal victories.<\/p>\n\t\t\t\n\t\t<\/div>\n\t<\/a>\n<\/div>\n<div class=\"clarku-card-wrapper\"  >\n\t<a class=\"clarku-block-card is-style-default\" href=\"https:\/\/www.clarku.edu\/extractives\/whats-new-in-social-science-on-extraction-12-31-2019\/\">\n\t\t<div class=\"clarku-block-card-img-container\">\n\t\t\t<img loading=\"lazy\" decoding=\"async\" width=\"300\" height=\"168\" src=\"https:\/\/www.clarku.edu\/extractives\/wp-content\/uploads\/sites\/114\/tweet-screen-capture2-535x300-1-300x168.avif\" class=\"clarku-block-card-img clarku-block-card-img-full clarku-block-card-img-threebytwo has-aspect-3x2 wp-post-image\" alt=\"students holding up letters and numbers\" srcset=\"https:\/\/www.clarku.edu\/extractives\/wp-content\/uploads\/sites\/114\/tweet-screen-capture2-535x300-1-300x168.avif 300w, https:\/\/www.clarku.edu\/extractives\/wp-content\/uploads\/sites\/114\/tweet-screen-capture2-535x300-1.avif 535w\" sizes=\"auto, (max-width: 300px) 100vw, 300px\" \/>\t\t<\/div>\n\t\t<div class=\"clarku-block-card-content\">\n\t\t\t\n\t\t\t\t\t\t<h3 class=\"wp-block-heading\">What\u2019s New in Social Science on Extraction \u2013 12\/31\/2019<\/h3>\n\t\t\t\t\t\t\t\n\t\t\t\t\t\t<p>Explore the latest insights and research in social science related to extraction industries, highlighting key developments and discussions as of December 31, 2019.<\/p>\n\t\t\t\n\t\t<\/div>\n\t<\/a>\n<\/div>\n<div class=\"clarku-card-wrapper\"  >\n\t<a class=\"clarku-block-card is-style-default\" href=\"https:\/\/www.clarku.edu\/extractives\/new-center-focused-on-extractive-resources-research\/\">\n\t\t<div class=\"clarku-block-card-img-container\">\n\t\t\t<img loading=\"lazy\" decoding=\"async\" width=\"300\" height=\"168\" src=\"https:\/\/www.clarku.edu\/extractives\/wp-content\/uploads\/sites\/114\/extractives-at-clark-hero-535x300-1-300x168.avif\" class=\"clarku-block-card-img clarku-block-card-img-full clarku-block-card-img-threebytwo has-aspect-3x2 wp-post-image\" alt=\"house in Jamaica with truck in front of it.\" srcset=\"https:\/\/www.clarku.edu\/extractives\/wp-content\/uploads\/sites\/114\/extractives-at-clark-hero-535x300-1-300x168.avif 300w, https:\/\/www.clarku.edu\/extractives\/wp-content\/uploads\/sites\/114\/extractives-at-clark-hero-535x300-1.avif 535w\" sizes=\"auto, (max-width: 300px) 100vw, 300px\" \/>\t\t<\/div>\n\t\t<div class=\"clarku-block-card-content\">\n\t\t\t\n\t\t\t\t\t\t<h3 class=\"wp-block-heading\">New Center Focused on Extractive Resources Research<\/h3>\n\t\t\t\t\t\t\t\n\t\t\t\t\t\t<p>Discover Clark University's new center dedicated to advancing research on extractive resources, exploring sustainability, policy, and social impacts.<\/p>\n\t\t\t\n\t\t<\/div>\n\t<\/a>\n<\/div>\n<div class=\"clarku-card-wrapper\"  >\n\t<a class=\"clarku-block-card is-style-default\" href=\"https:\/\/www.clarku.edu\/extractives\/the-complexity-of-environmental-problems-scott-sellwood-visits-clark\/\">\n\t\t<div class=\"clarku-block-card-img-container\">\n\t\t\t<img loading=\"lazy\" decoding=\"async\" width=\"300\" height=\"110\" src=\"https:\/\/www.clarku.edu\/extractives\/wp-content\/uploads\/sites\/114\/scott-sellwood-pano-view-300x110.avif\" class=\"clarku-block-card-img clarku-block-card-img-full clarku-block-card-img-threebytwo has-aspect-3x2 wp-post-image\" alt=\"Scott Sellwood\" srcset=\"https:\/\/www.clarku.edu\/extractives\/wp-content\/uploads\/sites\/114\/scott-sellwood-pano-view-300x110.avif 300w, https:\/\/www.clarku.edu\/extractives\/wp-content\/uploads\/sites\/114\/scott-sellwood-pano-view-1024x377.avif 1024w, https:\/\/www.clarku.edu\/extractives\/wp-content\/uploads\/sites\/114\/scott-sellwood-pano-view-768x283.avif 768w, https:\/\/www.clarku.edu\/extractives\/wp-content\/uploads\/sites\/114\/scott-sellwood-pano-view.avif 1340w\" sizes=\"auto, (max-width: 300px) 100vw, 300px\" \/>\t\t<\/div>\n\t\t<div class=\"clarku-block-card-content\">\n\t\t\t\n\t\t\t\t\t\t<h3 class=\"wp-block-heading\">The Complexity of Environmental Problems: Scott Sellwood visits Clark<\/h3>\n\t\t\t\t\t\t\t\n\t\t\t\t\t\t<p>Learn about Scott Sellwood's visit to Clark University, where he discusses the complexity of environmental problems and their impact on extractive industries.<\/p>\n\t\t\t\n\t\t<\/div>\n\t<\/a>\n<\/div>\n<div class=\"clarku-card-wrapper\"  >\n\t<a class=\"clarku-block-card is-style-default\" href=\"https:\/\/www.clarku.edu\/extractives\/interactive-map-mariana-dam-disaster\/\">\n\t\t<div class=\"clarku-block-card-img-container\">\n\t\t\t<img loading=\"lazy\" decoding=\"async\" width=\"300\" height=\"168\" src=\"https:\/\/www.clarku.edu\/extractives\/wp-content\/uploads\/sites\/114\/interactive-map-535x300-1-300x168.avif\" class=\"clarku-block-card-img clarku-block-card-img-full clarku-block-card-img-threebytwo has-aspect-3x2 wp-post-image\" alt=\"interactive map\" srcset=\"https:\/\/www.clarku.edu\/extractives\/wp-content\/uploads\/sites\/114\/interactive-map-535x300-1-300x168.avif 300w, https:\/\/www.clarku.edu\/extractives\/wp-content\/uploads\/sites\/114\/interactive-map-535x300-1.avif 535w\" sizes=\"auto, (max-width: 300px) 100vw, 300px\" \/>\t\t<\/div>\n\t\t<div class=\"clarku-block-card-content\">\n\t\t\t\n\t\t\t\t\t\t<h3 class=\"wp-block-heading\">Interactive Map: Mariana Dam Disaster<\/h3>\n\t\t\t\t\t\t\t\n\t\t\t\t\t\t<p>Using an interactive map visualizing the 2015 Mariana dam disaster\u2019s environmental impact, comparing satellite data before and after the collapse.<\/p>\n\t\t\t\n\t\t<\/div>\n\t<\/a>\n<\/div>\n<div class=\"clarku-card-wrapper\"  >\n\t<a class=\"clarku-block-card is-style-default\" href=\"https:\/\/www.clarku.edu\/extractives\/ximena-warnaars-from-the-ford-foundation-visits-clark\/\">\n\t\t<div class=\"clarku-block-card-img-container\">\n\t\t\t<img loading=\"lazy\" decoding=\"async\" width=\"300\" height=\"169\" src=\"https:\/\/www.clarku.edu\/extractives\/wp-content\/uploads\/sites\/114\/mining-area-300x169.avif\" class=\"clarku-block-card-img clarku-block-card-img-full clarku-block-card-img-threebytwo has-aspect-3x2 wp-post-image\" alt=\"excavation area\" srcset=\"https:\/\/www.clarku.edu\/extractives\/wp-content\/uploads\/sites\/114\/mining-area-300x169.avif 300w, https:\/\/www.clarku.edu\/extractives\/wp-content\/uploads\/sites\/114\/mining-area.avif 740w\" sizes=\"auto, (max-width: 300px) 100vw, 300px\" \/>\t\t<\/div>\n\t\t<div class=\"clarku-block-card-content\">\n\t\t\t\n\t\t\t\t\t\t<h3 class=\"wp-block-heading\">Ximena Warnaars from the Ford Foundation visits Clark<\/h3>\n\t\t\t\t\t\t\t\n\t\t\t\t\t\t<p>Ximena Warnaars from the Ford Foundation visits Clark University to discuss global development, social impact, and the intersection of philanthropy and education.<\/p>\n\t\t\t\n\t\t<\/div>\n\t<\/a>\n<\/div>\n<div class=\"clarku-card-wrapper\"  >\n\t<a class=\"clarku-block-card is-style-default\" href=\"https:\/\/www.clarku.edu\/extractives\/how-are-the-impacts-of-mining-distributed-over-space\/\">\n\t\t<div class=\"clarku-block-card-img-container\">\n\t\t\t<img loading=\"lazy\" decoding=\"async\" width=\"300\" height=\"183\" src=\"https:\/\/www.clarku.edu\/extractives\/wp-content\/uploads\/sites\/114\/mining-map-300x183.avif\" class=\"clarku-block-card-img clarku-block-card-img-full clarku-block-card-img-threebytwo has-aspect-3x2 wp-post-image\" alt=\"mining map and locations\" srcset=\"https:\/\/www.clarku.edu\/extractives\/wp-content\/uploads\/sites\/114\/mining-map-300x183.avif 300w, https:\/\/www.clarku.edu\/extractives\/wp-content\/uploads\/sites\/114\/mining-map-1024x626.avif 1024w, https:\/\/www.clarku.edu\/extractives\/wp-content\/uploads\/sites\/114\/mining-map-768x469.avif 768w, https:\/\/www.clarku.edu\/extractives\/wp-content\/uploads\/sites\/114\/mining-map.avif 1435w\" sizes=\"auto, (max-width: 300px) 100vw, 300px\" \/>\t\t<\/div>\n\t\t<div class=\"clarku-block-card-content\">\n\t\t\t\n\t\t\t\t\t\t<h3 class=\"wp-block-heading\">How are the impacts of mining distributed over space?<\/h3>\n\t\t\t\t\t\t\t\n\t\t\t\t\t\t<p>Explore how the environmental and social impacts of mining are distributed across different regions, focusing on spatial inequalities and community effects.<\/p>\n\t\t\t\n\t\t<\/div>\n\t<\/a>\n<\/div>\n<div class=\"clarku-card-wrapper\"  >\n\t<a class=\"clarku-block-card is-style-default\" href=\"https:\/\/www.clarku.edu\/extractives\/impact-of-mining-on-forests-in-asia-latin-america\/\">\n\t\t<div class=\"clarku-block-card-img-container\">\n\t\t\t<img loading=\"lazy\" decoding=\"async\" width=\"300\" height=\"212\" src=\"https:\/\/www.clarku.edu\/extractives\/wp-content\/uploads\/sites\/114\/2018-mining-Venezuela-stock-Clark-University-1024x724-1-300x212.avif\" class=\"clarku-block-card-img clarku-block-card-img-full clarku-block-card-img-threebytwo has-aspect-3x2 wp-post-image\" alt=\"Aerial view of a bauxite mine exploitation and aluminum production in Ciudad Guayana, Venezuela\" srcset=\"https:\/\/www.clarku.edu\/extractives\/wp-content\/uploads\/sites\/114\/2018-mining-Venezuela-stock-Clark-University-1024x724-1-300x212.avif 300w, https:\/\/www.clarku.edu\/extractives\/wp-content\/uploads\/sites\/114\/2018-mining-Venezuela-stock-Clark-University-1024x724-1-768x543.avif 768w, https:\/\/www.clarku.edu\/extractives\/wp-content\/uploads\/sites\/114\/2018-mining-Venezuela-stock-Clark-University-1024x724-1.avif 1024w\" sizes=\"auto, (max-width: 300px) 100vw, 300px\" \/>\t\t<\/div>\n\t\t<div class=\"clarku-block-card-content\">\n\t\t\t\n\t\t\t\t\t\t<h3 class=\"wp-block-heading\">Impact of mining on forests in Asia, Latin America<\/h3>\n\t\t\t\t\t\t\t\n\t\t\t\t\t\t<p>Examine the impact of mining on forests in Asia and Latin America, highlighting environmental degradation and its effects on biodiversity and local communities.<\/p>\n\t\t\t\n\t\t<\/div>\n\t<\/a>\n<\/div>\n<div class=\"clarku-card-wrapper\"  >\n\t<a class=\"clarku-block-card is-style-default\" href=\"https:\/\/www.clarku.edu\/extractives\/whats-new-in-extraction-and-society-1-26-2020\/\">\n\t\t<div class=\"clarku-block-card-img-container\">\n\t\t\t<img loading=\"lazy\" decoding=\"async\" width=\"300\" height=\"300\" src=\"https:\/\/www.clarku.edu\/extractives\/wp-content\/uploads\/sites\/114\/clark-logo-300x300.avif\" class=\"clarku-block-card-img clarku-block-card-img-full clarku-block-card-img-threebytwo has-aspect-3x2 wp-post-image\" alt=\"Clark logo\" srcset=\"https:\/\/www.clarku.edu\/extractives\/wp-content\/uploads\/sites\/114\/clark-logo-300x300.avif 300w, https:\/\/www.clarku.edu\/extractives\/wp-content\/uploads\/sites\/114\/clark-logo-150x150.avif 150w, https:\/\/www.clarku.edu\/extractives\/wp-content\/uploads\/sites\/114\/clark-logo-png.avif 691w\" sizes=\"auto, (max-width: 300px) 100vw, 300px\" \/>\t\t<\/div>\n\t\t<div class=\"clarku-block-card-content\">\n\t\t\t\n\t\t\t\t\t\t<h3 class=\"wp-block-heading\">What\u2019s new in Extraction and Society \u2013 1\/26\/2020<\/h3>\n\t\t\t\t\t\t\t\n\t\t\t\t\t\t<p>Round-up of recent research, stories, and developments in extraction and society, highlighting environmental, social, and policy issues in the extractive industries.<\/p>\n\t\t\t\n\t\t<\/div>\n\t<\/a>\n<\/div>\n<div class=\"clarku-card-wrapper\"  >\n\t<a class=\"clarku-block-card is-style-default\" href=\"https:\/\/www.clarku.edu\/news\/2018\/11\/01\/bebbingtons-book-delves-into-governing-extractive-industries\/\">\n\t\t<div class=\"clarku-block-card-img-container\">\n\t\t\t<img loading=\"lazy\" decoding=\"async\" width=\"300\" height=\"198\" src=\"https:\/\/www.clarku.edu\/extractives\/wp-content\/uploads\/sites\/114\/2016-Tony-Bebbington-Clark-University-1-1200x792-1-300x198.avif\" class=\"clarku-block-card-img clarku-block-card-img-full clarku-block-card-img-threebytwo has-aspect-3x2 wp-post-image\" alt=\"Anthony Bebbington\" srcset=\"https:\/\/www.clarku.edu\/extractives\/wp-content\/uploads\/sites\/114\/2016-Tony-Bebbington-Clark-University-1-1200x792-1-300x198.avif 300w, https:\/\/www.clarku.edu\/extractives\/wp-content\/uploads\/sites\/114\/2016-Tony-Bebbington-Clark-University-1-1200x792-1-1024x676.avif 1024w, https:\/\/www.clarku.edu\/extractives\/wp-content\/uploads\/sites\/114\/2016-Tony-Bebbington-Clark-University-1-1200x792-1-768x507.avif 768w, https:\/\/www.clarku.edu\/extractives\/wp-content\/uploads\/sites\/114\/2016-Tony-Bebbington-Clark-University-1-1200x792-1.avif 1200w\" sizes=\"auto, (max-width: 300px) 100vw, 300px\" \/>\t\t<\/div>\n\t\t<div class=\"clarku-block-card-content\">\n\t\t\t\n\t\t\t\t\t\t<h3 class=\"wp-block-heading\">Bebbingtons\u2019 book delves into \u2018Governing Extractive Industries\u2019<\/h3>\n\t\t\t\t\t\t\t\n\t\t\t\t\t\t<p>A Clark University news story on the book \u201cGoverning Extractive Industries,\u201d examining politics and governance in mineral and hydrocarbon extraction.<\/p>\n\t\t\t\n\t\t<\/div>\n\t<\/a>\n<\/div>\n<\/div>\n\n","protected":false},"excerpt":{"rendered":"","protected":false},"author":7,"featured_media":0,"parent":0,"menu_order":0,"comment_status":"closed","ping_status":"closed","template":"","meta":{"footnotes":"","_links_to":"","_links_to_target":""},"class_list":["post-73","page","type-page","status-publish","hentry"],"yoast_head":"<!-- This site is optimized with the Yoast SEO Premium plugin v27.5 (Yoast SEO v27.6) - https:\/\/yoast.com\/product\/yoast-seo-premium-wordpress\/ -->\n<title>News | Extractives@Clark | Clark University<\/title>\n<meta name=\"robots\" content=\"index, follow, max-snippet:-1, max-image-preview:large, max-video-preview:-1\" \/>\n<link rel=\"canonical\" href=\"https:\/\/www.clarku.edu\/extractives\/news\/\" \/>\n<meta property=\"og:locale\" content=\"en_US\" \/>\n<meta property=\"og:type\" content=\"article\" \/>\n<meta property=\"og:title\" content=\"News\" \/>\n<meta property=\"og:url\" content=\"https:\/\/www.clarku.edu\/extractives\/news\/\" \/>\n<meta property=\"og:site_name\" content=\"Extractives@Clark\" \/>\n<meta property=\"article:publisher\" content=\"https:\/\/www.facebook.com\/ClarkUniversityWorcester\" \/>\n<meta property=\"article:modified_time\" content=\"2025-12-17T20:25:54+00:00\" \/>\n<meta name=\"twitter:card\" content=\"summary_large_image\" \/>\n<meta name=\"twitter:site\" content=\"@clarkuniversity\" \/>\n<meta name=\"twitter:label1\" content=\"Est. reading time\" \/>\n\t<meta name=\"twitter:data1\" content=\"1 minute\" \/>\n<script type=\"application\/ld+json\" class=\"yoast-schema-graph\">{\"@context\":\"https:\\\/\\\/schema.org\",\"@graph\":[{\"@type\":\"WebPage\",\"@id\":\"https:\\\/\\\/www.clarku.edu\\\/extractives\\\/news\\\/\",\"url\":\"https:\\\/\\\/www.clarku.edu\\\/extractives\\\/news\\\/\",\"name\":\"News | Extractives@Clark | Clark University\",\"isPartOf\":{\"@id\":\"https:\\\/\\\/www.clarku.edu\\\/extractives\\\/#website\"},\"datePublished\":\"2025-12-17T14:30:24+00:00\",\"dateModified\":\"2025-12-17T20:25:54+00:00\",\"inLanguage\":\"en-US\",\"potentialAction\":[{\"@type\":\"ReadAction\",\"target\":[\"https:\\\/\\\/www.clarku.edu\\\/extractives\\\/news\\\/\"]}]},{\"@type\":\"BreadcrumbList\",\"@id\":\"https:\\\/\\\/www.clarku.edu\\\/extractives\\\/wp-json\\\/wp\\\/v2\\\/pages\\\/73#breadcrumbs\",\"itemListElement\":[{\"@type\":\"ListItem\",\"position\":0,\"name\":\"ClarkU\",\"item\":\"https:\\\/\\\/www.clarku.edu\\\/\"},{\"@type\":\"ListItem\",\"position\":1,\"name\":\"Extractives@Clark\",\"item\":\"https:\\\/\\\/www.clarku.edu\\\/extractives\"}]},{\"@type\":\"WebSite\",\"@id\":\"https:\\\/\\\/www.clarku.edu\\\/extractives\\\/#website\",\"url\":\"https:\\\/\\\/www.clarku.edu\\\/extractives\\\/\",\"name\":\"Extractives@Clark\",\"description\":\"\",\"potentialAction\":[{\"@type\":\"SearchAction\",\"target\":{\"@type\":\"EntryPoint\",\"urlTemplate\":\"https:\\\/\\\/www.clarku.edu\\\/extractives\\\/?s={search_term_string}\"},\"query-input\":{\"@type\":\"PropertyValueSpecification\",\"valueRequired\":true,\"valueName\":\"search_term_string\"}}],\"inLanguage\":\"en-US\"}]}<\/script>\n<!-- \/ Yoast SEO Premium plugin. -->","yoast_head_json":{"title":"News | Extractives@Clark | Clark University","robots":{"index":"index","follow":"follow","max-snippet":"max-snippet:-1","max-image-preview":"max-image-preview:large","max-video-preview":"max-video-preview:-1"},"canonical":"https:\/\/www.clarku.edu\/extractives\/news\/","og_locale":"en_US","og_type":"article","og_title":"News","og_url":"https:\/\/www.clarku.edu\/extractives\/news\/","og_site_name":"Extractives@Clark","article_publisher":"https:\/\/www.facebook.com\/ClarkUniversityWorcester","article_modified_time":"2025-12-17T20:25:54+00:00","twitter_card":"summary_large_image","twitter_site":"@clarkuniversity","twitter_misc":{"Est. reading time":"1 minute"},"schema":{"@context":"https:\/\/schema.org","@graph":[{"@type":"WebPage","@id":"https:\/\/www.clarku.edu\/extractives\/news\/","url":"https:\/\/www.clarku.edu\/extractives\/news\/","name":"News | Extractives@Clark | Clark University","isPartOf":{"@id":"https:\/\/www.clarku.edu\/extractives\/#website"},"datePublished":"2025-12-17T14:30:24+00:00","dateModified":"2025-12-17T20:25:54+00:00","inLanguage":"en-US","potentialAction":[{"@type":"ReadAction","target":["https:\/\/www.clarku.edu\/extractives\/news\/"]}]},{"@type":"BreadcrumbList","@id":"https:\/\/www.clarku.edu\/extractives\/wp-json\/wp\/v2\/pages\/73#breadcrumbs","itemListElement":[{"@type":"ListItem","position":0,"name":"ClarkU","item":"https:\/\/www.clarku.edu\/"},{"@type":"ListItem","position":1,"name":"Extractives@Clark","item":"https:\/\/www.clarku.edu\/extractives"}]},{"@type":"WebSite","@id":"https:\/\/www.clarku.edu\/extractives\/#website","url":"https:\/\/www.clarku.edu\/extractives\/","name":"Extractives@Clark","description":"","potentialAction":[{"@type":"SearchAction","target":{"@type":"EntryPoint","urlTemplate":"https:\/\/www.clarku.edu\/extractives\/?s={search_term_string}"},"query-input":{"@type":"PropertyValueSpecification","valueRequired":true,"valueName":"search_term_string"}}],"inLanguage":"en-US"}]}},"_links":{"self":[{"href":"https:\/\/www.clarku.edu\/extractives\/wp-json\/wp\/v2\/pages\/73","targetHints":{"allow":["GET"]}}],"collection":[{"href":"https:\/\/www.clarku.edu\/extractives\/wp-json\/wp\/v2\/pages"}],"about":[{"href":"https:\/\/www.clarku.edu\/extractives\/wp-json\/wp\/v2\/types\/page"}],"author":[{"embeddable":true,"href":"https:\/\/www.clarku.edu\/extractives\/wp-json\/wp\/v2\/users\/7"}],"replies":[{"embeddable":true,"href":"https:\/\/www.clarku.edu\/extractives\/wp-json\/wp\/v2\/comments?post=73"}],"version-history":[{"count":4,"href":"https:\/\/www.clarku.edu\/extractives\/wp-json\/wp\/v2\/pages\/73\/revisions"}],"predecessor-version":[{"id":198,"href":"https:\/\/www.clarku.edu\/extractives\/wp-json\/wp\/v2\/pages\/73\/revisions\/198"}],"wp:attachment":[{"href":"https:\/\/www.clarku.edu\/extractives\/wp-json\/wp\/v2\/media?parent=73"}],"curies":[{"name":"wp","href":"https:\/\/api.w.org\/{rel}","templated":true}]}}